*s - 2. Let q be o(1). Let c = -343 - q. What are the prime factors of c?
3, 83
Let r(z) = 38*z - 96. What are the prime factors of r(7)?
2, 5, 17
Let z(g) = -2*g**2 - 7*g + 33. Let q be z(7). Let r = q - -326. List the prime factors of r.
2, 53
Suppose 13 - 3 = 5*p. Suppose p*x = -f, 2*x - 6 - 2 = -5*f. Suppose 0 = 4*g - 4*r - 140, f*g + 3*g = 3*r + 175. List the prime factors of g.
5, 7
Suppose 8308 = 2*m - 2*d, 3*m - 4169 = 4*d + 8291. List the prime factors of m.
2, 1039
Let b(q) = q. Suppose -22 - 5 = -3*z. Suppose 0 = -3*u + 30 - z. What are the prime factors of b(u)?
7
Suppose -2*b - 19 = -23. Suppose b*f - 2 = 2, 5*x = -4*f + 293. List the prime factors of x.
3, 19
Suppose q - u = 271, 3*u = q - 2*u - 291. List the prime factors of q.
2, 7, 19
Suppose -8*w + 2510 = 2*w. List the prime factors of w.
251
Suppose -11*u = u - 8460. What are the prime factors of u?
3, 5, 47
Suppose i + 5*w - 4 - 11 = 0, 6 = 2*i - 2*w. Suppose 0 = -2*d - 4, -104 = -c - i*d - 9. Suppose -c = -5*n - 0*n. List the prime factors of n.
3, 7
Let v(h) = h**2 - h - 3. Let a be v(-5). Suppose a*c - 19*c = 1512. What are the prime factors of c?
3, 7
List the prime factors of (-5194)/(-6) + (-46)/69.
5, 173
Let o(q) = -q**3 - 5*q**2 + 10*q - 5. Suppose 17*l + 88 = 6*l. List the prime factors of o(l).
107
Let t(c) = c - 1. Let j be t(0). Let i be 460 - (j + -2 + 3). List the prime factors of (-1)/(-4 - i/(-116)).
29
Suppose -644*x - 2928 = -648*x. What are the prime factors of x?
2, 3, 61
Let o(p) be the second derivative of -p**5/5 + 19*p**2/2 - 5*p. Let i(d) = -d**3 + 1. Let n(l) = -3*i(l) + o(l). List the prime factors of n(0).
2
What are the prime factors of (69/10*4)/(3/250)?
2, 5, 23
Suppose -6*u + 5*u = 87. Let r = -30 - u. List the prime factors of r.
3, 19
Let b be (-2)/((-8)/112*1). Suppose 3*l + 6 = k, 0 = 7*k - 2*k + 4*l - 11. Suppose k*q = -q + b. List the prime factors of q.
7
Suppose 9*y = 8*y + 320. Suppose 0 = -3*f + y - 14. What are the prime factors of f?
2, 3, 17
Let l = 814 - -163. List the prime factors of l.
977
Let g = 360 - 222. What are the prime factors of g?
2, 3, 23
Let x = 118 - 116. List the prime factors of x.
2
Let v(l) = l**3 + 4*l**2 - 6*l - 2. Let p be v(-6). Suppose -m = -c - 2*m - 24, 2*m = 3*c + 62. Let h = c - p. What are the prime factors of h?
2
Suppose -3*l - 3929 = -v, 108 = -2*l + 114. List the prime factors of v.
2, 11, 179
Let y(o) = 14*o**3 + o**2 - 3*o - 1. Let p be y(2). Suppose -5*f + p = -1. What are the prime factors of f?
2, 11
Suppose -269616 = -49*p + p. What are the prime factors of p?
41, 137
Suppose -2*m = -5*m + 6. Suppose -6*h = -5*h - m*s - 175, -s = -5*h + 911. What are the prime factors of h?
3, 61
Suppose -2*k - 4 = -3*k. What are the prime factors of (-4)/(32/(-30))*k?
3, 5
Let f(s) = -s**2. Let i be f(-1). List the prime factors of (-2926)/(-28) - (i/(-2))/1.
2, 13
Suppose 4*u + 4073 - 11577 = 0. List the prime factors of u.
2, 7, 67
Suppose 5*u = 21 - 116. Let b = u - -84. List the prime factors of b.
5, 13
Let n be (1 - (2 - -1)) + 2. Suppose n = -0*a + a - 4, 5*l + 200 = -5*a. List the prime factors of l/(-33)*(-15)/(-2).
2, 5
Suppose 5*v - 3*o - 94 = -2*o, -o = 5*v - 86. Let s = 93 - v. List the prime factors of s.
3, 5
Let j(z) = z**3 + 6*z**2 + 2*z. Let p = -9 + 4. Let a be j(p). List the prime factors of 44/10 - 6/a.
2
Let l be 2 + 4 + -2 + -2. Suppose -5*b - 51 = -2*i - 15, l*b = 2*i - 30. What are the prime factors of i?
13
Let v(n) = -679*n + 1450. List the prime factors of v(-6).
2, 1381
Suppose -w + 31 = 3*o + 5, -3*w - 5*o = -58. Let j = w - -100. What are the prime factors of j?
3, 37
Let z(d) = 92*d + 266. What are the prime factors of z(8)?
2, 3, 167
Suppose -357 = 3*q - 3*d, -3*q + d - 375 = 4*d. Let g = 16 - q. What are the prime factors of g?
2, 3, 23
Suppose 4*j + 5*t = 2341, -3*j = -8*j - 5*t + 2920. What are the prime factors of j?
3, 193
Suppose 3 = -y + 4. Suppose -4*l + y - 13 = 0. What are the prime factors of l/(-2)*(-10 - -24)?
3, 7
Let p = -460 - -650. List the prime factors of p.
2, 5, 19
Suppose 4*n - 2086 = 2270. What are the prime factors of n?
3, 11
Suppose c + 32 = -2*u + 858, -4*u = 16. List the prime factors of c.
2, 3, 139
Let f = 534 + -754. Let k = f + 415. List the prime factors of k.
3, 5, 13
What are the prime factors of (-54)/(-135) - 12249/(-15)?
19, 43
Let b(h) = 13*h**2 - 4*h - 4. What are the prime factors of b(6)?
2, 5, 11
Suppose 231 = 5*k + 2*c, -k + 149 = 2*k - 4*c. Let q = k - 23. List the prime factors of q.
2, 3
Let n be 33 - (0 - 0/3). Suppose n = 2*l + l. Suppose -2 - l = -h. What are the prime factors of h?
13
List the prime factors of -39*(-445)/105 + 4/(-14).
3, 5, 11
Let m be -14 - -3 - (-1)/(-1). Let y be (-1 + m)*9/(-3). Suppose -g - 4 = -y. What are the prime factors of g?
5, 7
Suppose 5*m - x - 13 = 0, -m = -5*m - 2*x + 2. Let w be (1 - m)/((-8)/(-80)). What are the prime factors of (-9)/(-15) - 284/w?
29
Suppose 1246 + 170 = 3*q. List the prime factors of q.
2, 59
Suppose -2*u - 14254 = -4*s, 3*u + 3591 = s + 8*u. What are the prime factors of s?
2, 1783
Suppose 0 = d - 4 - 5. Let s be (-269)/(-5) - d/(-45). Suppose -5*o - y = -s, 27 - 65 = -5*o + 3*y. List the prime factors of o.
2, 5
Let a(j) be the first derivative of 7 - 1/2*j**4 - 5/3*j**3 + 4*j + j**2. What are the prime factors of a(-4)?
2, 11
Suppose 1380 = 4*d + d. Suppose 3*k = 5*b + d, k + b - 92 = 5*b. Suppose q - 5*q = -k. List the prime factors of q.
23
Suppose -1506 = 4*f - 6618. List the prime factors of f.
2, 3, 71
Suppose 11 = -7*d + 298. List the prime factors of d.
41
Let p(w) be the second derivative of 12*w**5/5 - 2*w. List the prime factors of p(1).
2, 3
Let a(c) be the first derivative of c**4/4 + 7*c**3/3 + 9*c**2/2 + 3*c - 1. Let r be a(-6). Let m = -6 - r. What are the prime factors of m?
3
Suppose -v - v = 4*w + 84, 0 = -2*v - 3*w - 79. List the prime factors of 11/(v/36 + 1).
3, 11
Let z be 11 - 12 - (-1 - -1). Let o be z/(-2) + 604/8. Suppose r = 4*v - r - o, 2*v + 2*r = 44. List the prime factors of v.
2, 5
Suppose -3 = j, j = -6*a + a - 3. Suppose a = -4*l + 11 - 103. Let o = -14 - l. List the prime factors of o.
3
Let q be -2*(-3)/(-6) - -10. Suppose -q*s = -12*s + 189. What are the prime factors of s?
3, 7
Let q = 60 - 61. What are the prime factors of (104 + -2 - q) + 6/(-2)?
2, 5
Suppose -3*f = 4*l + 39, 4*l = f + 3*l + 13. Let q = f - -15. Suppose q*s = s + 8. What are the prime factors of s?
2
Let r(d) = -2*d**3 - 2*d**2 + 2*d. Let b be r(-2). Suppose 0 = -4*q - b*q + 408. What are the prime factors of q?
3, 17
Let l = 517 + 2775. What are the prime factors of l?
2, 823
Let m(t) be the first derivative of -2*t**3/3 - 3*t**2 + 2*t + 5. Let l be m(-3). What are the prime factors of l*2/1 + 41?
3, 5
Suppose -3*m - 3*y = 3, 4*m = -3*y - 6 + 1. List the prime factors of (-5 - m - 8)*(-1 - 10).
11
Suppose -1640 = -5*o - 5*f, o = f + 428 - 102. What are the prime factors of o?
3, 109
Let c(u) = u**3 - 2*u**2 + 3*u. Let y be c(2). Suppose -4*d + 4*o = 3*o + 14, -3*o = -y. List the prime factors of (26/4)/(d/(-6)).
13
Let n be (54/(-45))/((-1)/5). Suppose -5*x - n = -6*x. List the prime factors of x.
2, 3
Let z = 92 - 43. Let c = z - 20. Let y = 1 + c. What are the prime factors of y?
2, 3, 5
Let w(y) be the first derivative of y**7/840 - y**6/120 + y**5/20 - y**4/8 + y**3 + 1. Let x(c) be the third derivative of w(c). List the prime factors of x(4).
37
Let s(z) = -30*z**3 - 12*z**2 + 12*z + 22. List the prime factors of s(-5).
2, 853
Suppose 2*j = 3*k - 19, 3*k - 7 = 4*j + 16. Suppose -2*b - 2 = -k*r, b = -6*r + 3*r - 1. Let f(a) = a + 64. List the prime factors of f(r).
2
Let f(q) = 3*q**2 + 11*q + 6. Let p be f(-3). Suppose p = 47*x - 49*x + 102. What are the prime factors of x?
3, 17
Let d(p) = 1147*p - 11. List the prime factors of d(2).
3, 761
What are the prime factors of (3 - 387/6)*176/(-66)?
2, 41
Let q be ((-76)/(-12))/((-1)/3). Suppose w = -5*w + 294. Let p = w + q. What are the prime factors of p?
2, 3, 5
Let n = 966 + 4180. What are the prime factors of n?
2, 31, 83
Let c be 3/2 - (-10)/20. Suppose m - c*q - 285 = -4*m, 4*m - 228 = -2*q. List the prime factors of m.
3, 19
Let n = 276 + -255. What are the prime factors of n?
3, 7
Let r(c) = 17